{"id":711,"date":"2026-02-02T15:13:17","date_gmt":"2026-02-02T15:13:17","guid":{"rendered":"https:\/\/gtue-prebitz.de\/?post_type=tribe_events&#038;p=711"},"modified":"2026-04-02T08:40:11","modified_gmt":"2026-04-02T08:40:11","slug":"unterweisung-von-radladerbedienern-m-w-d","status":"publish","type":"tribe_events","link":"https:\/\/gtue-prebitz.de\/?tribe_events=unterweisung-von-radladerbedienern-m-w-d","title":{"rendered":"Unterweisung von Radladerbedienern (m\/w\/d)"},"content":{"rendered":"<p><strong>Unterweisung von Radladerbedienern (m\/w\/d)<\/strong><\/p>\n<p>gem\u00e4\u00df DGUV Vorschrift 1, Arbeitsschutzgesetz (ArbSchG), Betriebssicherheitsverordnung (BetrSichV) DGUV-Grundsatz 301-005, DGUV-Regel 100-500 Kap. 2.12,<\/p>\n<p>&nbsp;<\/p>\n<p>Inhalte:<\/p>\n<p>Rechtliche Grundlagen und Unfallgeschehen &#8211; Betriebsanweisungen &#8211; Aufgaben und Pflichten des Radladerfahrers &#8211; Aufbau und Funktion von Radladern &#8211; T\u00e4gliche Einsatzpr\u00fcfung &#8211; Regelm\u00e4\u00dfige Pr\u00fcfungen &#8211; Standsicheres Verfahren von Radladerrn &#8211; Gefahrstellen &#8211; Verkehrssicherungspflicht &#8211; Versetzfahrten &#8211; Verkehrsregeln und Verkehrswege &#8211; Einsatz im \u00f6ffentlichen Stra\u00dfenverkehr<\/p>\n<p>&nbsp;<\/p>\n","protected":false},"excerpt":{"rendered":"<p>Unterweisung von Radladerbedienern (m\/w\/d) gem\u00e4\u00df DGUV Vorschrift 1, Arbeitsschutzgesetz (ArbSchG), Betriebssicherheitsverordnung (BetrSichV) DGUV-Grundsatz 301-005, DGUV-Regel 100-500 Kap. 2.12, &nbsp; Inhalte: Rechtliche Grundlagen und Unfallgeschehen &#8211; Betriebsanweisungen &#8211; Aufgaben und Pflichten [&hellip;]<\/p>\n","protected":false},"author":3,"featured_media":702,"comment_status":"open","ping_status":"closed","template":"","meta":{"_tribe_events_status":"","_tribe_events_status_reason":"","footnotes":""},"tags":[],"tribe_events_cat":[],"class_list":["post-711","tribe_events","type-tribe_events","status-publish","has-post-thumbnail","hentry"],"_links":{"self":[{"href":"https:\/\/gtue-prebitz.de\/index.php?rest_route=\/wp\/v2\/tribe_events\/711"}],"collection":[{"href":"https:\/\/gtue-prebitz.de\/index.php?rest_route=\/wp\/v2\/tribe_events"}],"about":[{"href":"https:\/\/gtue-prebitz.de\/index.php?rest_route=\/wp\/v2\/types\/tribe_events"}],"author":[{"embeddable":true,"href":"https:\/\/gtue-prebitz.de\/index.php?rest_route=\/wp\/v2\/users\/3"}],"replies":[{"embeddable":true,"href":"https:\/\/gtue-prebitz.de\/index.php?rest_route=%2Fwp%2Fv2%2Fcomments&post=711"}],"version-history":[{"count":2,"href":"https:\/\/gtue-prebitz.de\/index.php?rest_route=\/wp\/v2\/tribe_events\/711\/revisions"}],"predecessor-version":[{"id":720,"href":"https:\/\/gtue-prebitz.de\/index.php?rest_route=\/wp\/v2\/tribe_events\/711\/revisions\/720"}],"wp:featuredmedia":[{"embeddable":true,"href":"https:\/\/gtue-prebitz.de\/index.php?rest_route=\/wp\/v2\/media\/702"}],"wp:attachment":[{"href":"https:\/\/gtue-prebitz.de\/index.php?rest_route=%2Fwp%2Fv2%2Fmedia&parent=711"}],"wp:term":[{"taxonomy":"post_tag","embeddable":true,"href":"https:\/\/gtue-prebitz.de\/index.php?rest_route=%2Fwp%2Fv2%2Ftags&post=711"},{"taxonomy":"tribe_events_cat","embeddable":true,"href":"https:\/\/gtue-prebitz.de\/index.php?rest_route=%2Fwp%2Fv2%2Ftribe_events_cat&post=711"}],"curies":[{"name":"wp","href":"https:\/\/api.w.org\/{rel}","templated":true}]}}

<p><strong>Unterweisung von Radladerbedienern (m/w/d)</strong></p>
<p>gemäß DGUV Vorschrift 1, Arbeitsschutzgesetz (ArbSchG), Betriebssicherheitsverordnung (BetrSichV) DGUV-Grundsatz 301-005, DGUV-Regel 100-500 Kap. 2.12,</p>
<p>&nbsp;</p>
<p>Inhalte:</p>
<p>Rechtliche Grundlagen und Unfallgeschehen &#8211; Betriebsanweisungen &#8211; Aufgaben und Pflichten des Radladerfahrers &#8211; Aufbau und Funktion von Radladern &#8211; Tägliche Einsatzprüfung &#8211; Regelmäßige Prüfungen &#8211; Standsicheres Verfahren von Radladerrn &#8211; Gefahrstellen &#8211; Verkehrssicherungspflicht &#8211; Versetzfahrten &#8211; Verkehrsregeln und Verkehrswege &#8211; Einsatz im öffentlichen Straßenverkehr</p>
<p>&nbsp;</p>

<p>Unterweisung von Radladerbedienern (m/w/d) gemäß DGUV Vorschrift 1, Arbeitsschutzgesetz (ArbSchG), Betriebssicherheitsverordnung (BetrSichV) DGUV-Grundsatz 301-005, DGUV-Regel 100-500 Kap. 2.12, &nbsp; Inhalte: Rechtliche Grundlagen und Unfallgeschehen &#8211; Betriebsanweisungen &#8211; Aufgaben und Pflichten [&hellip;]</p>
