{"id":441,"date":"2024-07-25T14:23:45","date_gmt":"2024-07-25T14:23:45","guid":{"rendered":"https:\/\/gtue-prebitz.de\/?post_type=tribe_events&#038;p=441"},"modified":"2024-09-20T12:28:16","modified_gmt":"2024-09-20T12:28:16","slug":"anschlagen-von-lasten","status":"publish","type":"tribe_events","link":"https:\/\/gtue-prebitz.de\/?tribe_events=anschlagen-von-lasten","title":{"rendered":"Anschlagen von Lasten"},"content":{"rendered":"<p><strong>Weiterbildung zum Anschlagen von Lasten<br \/>\n<\/strong><\/p>\n<p>Anschl\u00e4ger gem\u00e4\u00df Arbeitsschutzgesetz (ArbSchG), Betriebssicherheitsverordnung (BetrSichV) DGUV-Regel 109-017<\/p>\n<p>&nbsp;<\/p>\n<p>Inhalte:<\/p>\n<p>Rechtliche Grundlagen und Unfallgeschehen &#8211; Aufgaben und Pflichten des Anschl\u00e4gers &#8211; Lastenverteilung und Schwerpunktlage &#8211; Neigungswinkel &#8211; Arten von Anschlagmitteln -Auswahl von Anschlagmitteln &#8211; T\u00e4gliche Einsatzpr\u00fcfung &#8211; Regelm\u00e4\u00dfige Pr\u00fcfungen &#8211; Zugelassene Anschlagmittel &#8211; Seile, Ketten, Hubb\u00e4nder &#8211; Lagerung von Anschlagmittel und Lastaufnahmemittel &#8211; Verkehrswege &#8211; Sicheres Anschlagen von Lasten &#8211; Transport von Lasten &#8211; Verkehrssicherungspflicht &#8211; Praktische \u00dcbungen &#8211; Theoretische und praktische Pr\u00fcfung<\/p>\n<p>&nbsp;<\/p>\n<p>&nbsp;<\/p>\n","protected":false},"excerpt":{"rendered":"<p>Weiterbildung zum Anschlagen von Lasten Anschl\u00e4ger gem\u00e4\u00df Arbeitsschutzgesetz (ArbSchG), Betriebssicherheitsverordnung (BetrSichV) DGUV-Regel 109-017 &nbsp; Inhalte: Rechtliche Grundlagen und Unfallgeschehen &#8211; Aufgaben und Pflichten des Anschl\u00e4gers &#8211; Lastenverteilung und Schwerpunktlage &#8211; [&hellip;]<\/p>\n","protected":false},"author":3,"featured_media":440,"comment_status":"open","ping_status":"closed","template":"","meta":{"_tribe_events_status":"","_tribe_events_status_reason":"","footnotes":""},"tags":[],"tribe_events_cat":[],"class_list":["post-441","tribe_events","type-tribe_events","status-publish","has-post-thumbnail","hentry"],"_links":{"self":[{"href":"https:\/\/gtue-prebitz.de\/index.php?rest_route=\/wp\/v2\/tribe_events\/441"}],"collection":[{"href":"https:\/\/gtue-prebitz.de\/index.php?rest_route=\/wp\/v2\/tribe_events"}],"about":[{"href":"https:\/\/gtue-prebitz.de\/index.php?rest_route=\/wp\/v2\/types\/tribe_events"}],"author":[{"embeddable":true,"href":"https:\/\/gtue-prebitz.de\/index.php?rest_route=\/wp\/v2\/users\/3"}],"replies":[{"embeddable":true,"href":"https:\/\/gtue-prebitz.de\/index.php?rest_route=%2Fwp%2Fv2%2Fcomments&post=441"}],"version-history":[{"count":2,"href":"https:\/\/gtue-prebitz.de\/index.php?rest_route=\/wp\/v2\/tribe_events\/441\/revisions"}],"predecessor-version":[{"id":443,"href":"https:\/\/gtue-prebitz.de\/index.php?rest_route=\/wp\/v2\/tribe_events\/441\/revisions\/443"}],"wp:featuredmedia":[{"embeddable":true,"href":"https:\/\/gtue-prebitz.de\/index.php?rest_route=\/wp\/v2\/media\/440"}],"wp:attachment":[{"href":"https:\/\/gtue-prebitz.de\/index.php?rest_route=%2Fwp%2Fv2%2Fmedia&parent=441"}],"wp:term":[{"taxonomy":"post_tag","embeddable":true,"href":"https:\/\/gtue-prebitz.de\/index.php?rest_route=%2Fwp%2Fv2%2Ftags&post=441"},{"taxonomy":"tribe_events_cat","embeddable":true,"href":"https:\/\/gtue-prebitz.de\/index.php?rest_route=%2Fwp%2Fv2%2Ftribe_events_cat&post=441"}],"curies":[{"name":"wp","href":"https:\/\/api.w.org\/{rel}","templated":true}]}}

<p><strong>Weiterbildung zum Anschlagen von Lasten<br />
</strong></p>
<p>Anschläger gemäß Arbeitsschutzgesetz (ArbSchG), Betriebssicherheitsverordnung (BetrSichV) DGUV-Regel 109-017</p>
<p>&nbsp;</p>
<p>Inhalte:</p>
<p>Rechtliche Grundlagen und Unfallgeschehen &#8211; Aufgaben und Pflichten des Anschlägers &#8211; Lastenverteilung und Schwerpunktlage &#8211; Neigungswinkel &#8211; Arten von Anschlagmitteln -Auswahl von Anschlagmitteln &#8211; Tägliche Einsatzprüfung &#8211; Regelmäßige Prüfungen &#8211; Zugelassene Anschlagmittel &#8211; Seile, Ketten, Hubbänder &#8211; Lagerung von Anschlagmittel und Lastaufnahmemittel &#8211; Verkehrswege &#8211; Sicheres Anschlagen von Lasten &#8211; Transport von Lasten &#8211; Verkehrssicherungspflicht &#8211; Praktische Übungen &#8211; Theoretische und praktische Prüfung</p>
<p>&nbsp;</p>
<p>&nbsp;</p>

<p>Weiterbildung zum Anschlagen von Lasten Anschläger gemäß Arbeitsschutzgesetz (ArbSchG), Betriebssicherheitsverordnung (BetrSichV) DGUV-Regel 109-017 &nbsp; Inhalte: Rechtliche Grundlagen und Unfallgeschehen &#8211; Aufgaben und Pflichten des Anschlägers &#8211; Lastenverteilung und Schwerpunktlage &#8211; [&hellip;]</p>
